{"id":36,"date":"2024-01-07T20:39:45","date_gmt":"2024-01-07T20:39:45","guid":{"rendered":"https:\/\/enviesauvage.art\/?page_id=36"},"modified":"2024-10-24T15:40:32","modified_gmt":"2024-10-24T15:40:32","slug":"about","status":"publish","type":"page","link":"https:\/\/enviesauvage.art\/?page_id=36","title":{"rendered":"Cr\u00e9ations"},"content":{"rendered":"\n<p class=\"has-text-align-center\"><strong>Un peau \u00e0 peau avec la mati\u00e8re et le vivant&#8230;<\/strong><\/p>\n\n\n\n<p>La danse et l\u2019amour du mouvement accompagnent mes gestes pour manier la mati\u00e8re que ce soit le gr\u00e8s, la porcelaine, la laine\u2026 Le geste intuitif, l\u2019\u00e9coute des \u00e9l\u00e9ments.<br>La recherche de douceur et de message porteur de sens: la justice sociale, le respect de l\u2019environnement, le lien et la solidarit\u00e9, sont autant pr\u00e9sents dans ce que je d\u00e9sire exprimer dans mes r\u00e9alisations que dans le processus cr\u00e9atif.<\/p>\n\n\n\n<p>Mes cr\u00e9ations se d\u00e9veloppent autour du contact avec les mati\u00e8res qui me touchent et m&#8217;animent. L&#8217;argile, la laine, le papier.<\/p>\n\n\n\n<figure class=\"wp-block-gallery has-nested-images columns-default is-cropped wp-block-gallery-1 is-layout-flex wp-block-gallery-is-layout-flex\">\n<figure class=\"wp-block-image size-large\"><img loading=\"lazy\" decoding=\"async\" width=\"502\" height=\"624\" data-id=\"130\" src=\"https:\/\/enviesauvage.art\/wp-content\/uploads\/2024\/01\/5.-Tasses.png\" alt=\"\" class=\"wp-image-130\" srcset=\"https:\/\/enviesauvage.art\/wp-content\/uploads\/2024\/01\/5.-Tasses.png 502w, https:\/\/enviesauvage.art\/wp-content\/uploads\/2024\/01\/5.-Tasses-241x300.png 241w\" sizes=\"(max-width: 502px) 100vw, 502px\" \/><\/figure>\n\n\n\n<figure class=\"wp-block-image size-full\"><img loading=\"lazy\" decoding=\"async\" width=\"363\" height=\"496\" data-id=\"164\" src=\"https:\/\/enviesauvage.art\/wp-content\/uploads\/2024\/01\/6.-gravure-1.png\" alt=\"\" class=\"wp-image-164\" srcset=\"https:\/\/enviesauvage.art\/wp-content\/uploads\/2024\/01\/6.-gravure-1.png 363w, https:\/\/enviesauvage.art\/wp-content\/uploads\/2024\/01\/6.-gravure-1-220x300.png 220w\" sizes=\"(max-width: 363px) 100vw, 363px\" \/><\/figure>\n\n\n\n<figure class=\"wp-block-image size-large\"><img loading=\"lazy\" decoding=\"async\" width=\"574\" height=\"667\" data-id=\"132\" src=\"https:\/\/enviesauvage.art\/wp-content\/uploads\/2024\/01\/7.-tissage.png\" alt=\"\" class=\"wp-image-132\" srcset=\"https:\/\/enviesauvage.art\/wp-content\/uploads\/2024\/01\/7.-tissage.png 574w, https:\/\/enviesauvage.art\/wp-content\/uploads\/2024\/01\/7.-tissage-258x300.png 258w\" sizes=\"(max-width: 574px) 100vw, 574px\" \/><\/figure>\n<\/figure>\n\n\n\n<p><\/p>\n\n\n\n<p>Des <strong>objets utilitaires<\/strong> <strong>en terres m\u00eal\u00e9es<\/strong>, rappelant l&#8217;interconnections des couleurs des peaux du monde&#8230;<\/p>\n\n\n\n<figure class=\"wp-block-gallery has-nested-images columns-default is-cropped wp-block-gallery-2 is-layout-flex wp-block-gallery-is-layout-flex\">\n<figure class=\"wp-block-image size-large\"><img loading=\"lazy\" decoding=\"async\" width=\"838\" height=\"1024\" data-id=\"307\" src=\"https:\/\/enviesauvage.art\/wp-content\/uploads\/2024\/10\/IMG_0053-838x1024.jpg\" alt=\"\" class=\"wp-image-307\" srcset=\"https:\/\/enviesauvage.art\/wp-content\/uploads\/2024\/10\/IMG_0053-838x1024.jpg 838w, https:\/\/enviesauvage.art\/wp-content\/uploads\/2024\/10\/IMG_0053-246x300.jpg 246w, https:\/\/enviesauvage.art\/wp-content\/uploads\/2024\/10\/IMG_0053-768x938.jpg 768w, https:\/\/enviesauvage.art\/wp-content\/uploads\/2024\/10\/IMG_0053-1257x1536.jpg 1257w, https:\/\/enviesauvage.art\/wp-content\/uploads\/2024\/10\/IMG_0053-1676x2048.jpg 1676w, https:\/\/enviesauvage.art\/wp-content\/uploads\/2024\/10\/IMG_0053.jpg 1865w\" sizes=\"(max-width: 767px) 89vw, (max-width: 1000px) 54vw, (max-width: 1071px) 543px, 580px\" \/><\/figure>\n\n\n\n<figure class=\"wp-block-image size-large\"><img loading=\"lazy\" decoding=\"async\" width=\"915\" height=\"1024\" data-id=\"304\" src=\"https:\/\/enviesauvage.art\/wp-content\/uploads\/2024\/10\/IMG_0060-915x1024.jpg\" alt=\"\" class=\"wp-image-304\" srcset=\"https:\/\/enviesauvage.art\/wp-content\/uploads\/2024\/10\/IMG_0060-915x1024.jpg 915w, https:\/\/enviesauvage.art\/wp-content\/uploads\/2024\/10\/IMG_0060-268x300.jpg 268w, https:\/\/enviesauvage.art\/wp-content\/uploads\/2024\/10\/IMG_0060-768x859.jpg 768w, https:\/\/enviesauvage.art\/wp-content\/uploads\/2024\/10\/IMG_0060-1373x1536.jpg 1373w, https:\/\/enviesauvage.art\/wp-content\/uploads\/2024\/10\/IMG_0060-1831x2048.jpg 1831w, https:\/\/enviesauvage.art\/wp-content\/uploads\/2024\/10\/IMG_0060.jpg 1856w\" sizes=\"(max-width: 767px) 89vw, (max-width: 1000px) 54vw, (max-width: 1071px) 543px, 580px\" \/><\/figure>\n\n\n\n<figure class=\"wp-block-image size-large\"><img loading=\"lazy\" decoding=\"async\" width=\"870\" height=\"1024\" data-id=\"302\" src=\"https:\/\/enviesauvage.art\/wp-content\/uploads\/2024\/10\/IMG_0058-870x1024.jpg\" alt=\"\" class=\"wp-image-302\" srcset=\"https:\/\/enviesauvage.art\/wp-content\/uploads\/2024\/10\/IMG_0058-870x1024.jpg 870w, https:\/\/enviesauvage.art\/wp-content\/uploads\/2024\/10\/IMG_0058-255x300.jpg 255w, https:\/\/enviesauvage.art\/wp-content\/uploads\/2024\/10\/IMG_0058-768x904.jpg 768w, https:\/\/enviesauvage.art\/wp-content\/uploads\/2024\/10\/IMG_0058-1305x1536.jpg 1305w, https:\/\/enviesauvage.art\/wp-content\/uploads\/2024\/10\/IMG_0058.jpg 1710w\" sizes=\"(max-width: 767px) 89vw, (max-width: 1000px) 54vw, (max-width: 1071px) 543px, 580px\" \/><\/figure>\n\n\n\n<figure class=\"wp-block-image size-large\"><img loading=\"lazy\" decoding=\"async\" width=\"783\" height=\"1024\" data-id=\"303\" src=\"https:\/\/enviesauvage.art\/wp-content\/uploads\/2024\/10\/IMG_0041-783x1024.jpg\" alt=\"\" class=\"wp-image-303\" srcset=\"https:\/\/enviesauvage.art\/wp-content\/uploads\/2024\/10\/IMG_0041-783x1024.jpg 783w, https:\/\/enviesauvage.art\/wp-content\/uploads\/2024\/10\/IMG_0041-230x300.jpg 230w, https:\/\/enviesauvage.art\/wp-content\/uploads\/2024\/10\/IMG_0041-768x1004.jpg 768w, https:\/\/enviesauvage.art\/wp-content\/uploads\/2024\/10\/IMG_0041-1175x1536.jpg 1175w, https:\/\/enviesauvage.art\/wp-content\/uploads\/2024\/10\/IMG_0041-1567x2048.jpg 1567w, https:\/\/enviesauvage.art\/wp-content\/uploads\/2024\/10\/IMG_0041.jpg 1670w\" sizes=\"(max-width: 767px) 89vw, (max-width: 1000px) 54vw, (max-width: 1071px) 543px, 580px\" \/><\/figure>\n<\/figure>\n\n\n\n<p>Des <strong>bijoux aux allures primitives<\/strong> pour nous connecter \u00e0 nos ancestralit\u00e9s, un peau \u00e0 peau avec la mati\u00e8res avec de d\u00e9licates lignes de la main imprim\u00e9es \u00e0 m\u00eame la terre, pour nous rappeler que quand nous touchons la terre, elle nous touche aussi, et nous entamons un dialogue, une danse dans un respect mutuel. <\/p>\n\n\n\n<p>Comme une exploration arch\u00e9ologique, cette s\u00e9rie de bijoux, est inspir\u00e9e des traces laiss\u00e9e par la vie. Celles qui sont compos\u00e9es de petits fragments de moments, qui nous marquent et nous touchent. L\u2019eau ruisselle dans la grotte des souvenirs, et y d\u00e9pose pendant des mill\u00e9naires des min\u00e9raux emport\u00e9s le long des chemins. Se forment avec beaucoup de patience les stalactites qui voient d\u00e9filer devant elles l\u2019histoire du vivant.<br>Dans la terre, des empruntes ont surv\u00e9cus aux ann\u00e9es, on peut y lire leur histoire dans les fin reliefs des lignes de la main qui ont surv\u00e9cu au temps, immortalis\u00e9es.<br>Enfin, des art\u00e9facts d\u2019objets bris\u00e9s, des fragments de vies, t\u00e9moignent d\u2019une autre \u00e9poque. Ces d\u00e9chets deviennent tr\u00e9sors ponctu\u00e9s de touches d\u2019or\u2026<\/p>\n\n\n\n<figure class=\"wp-block-gallery has-nested-images columns-default is-cropped wp-block-gallery-3 is-layout-flex wp-block-gallery-is-layout-flex\">\n<figure class=\"wp-block-image size-large\"><img loading=\"lazy\" decoding=\"async\" width=\"737\" height=\"1024\" data-id=\"306\" src=\"https:\/\/enviesauvage.art\/wp-content\/uploads\/2024\/10\/boucles-gouttes-2-737x1024.jpg\" alt=\"\" class=\"wp-image-306\" srcset=\"https:\/\/enviesauvage.art\/wp-content\/uploads\/2024\/10\/boucles-gouttes-2-737x1024.jpg 737w, https:\/\/enviesauvage.art\/wp-content\/uploads\/2024\/10\/boucles-gouttes-2-216x300.jpg 216w, https:\/\/enviesauvage.art\/wp-content\/uploads\/2024\/10\/boucles-gouttes-2-768x1067.jpg 768w, https:\/\/enviesauvage.art\/wp-content\/uploads\/2024\/10\/boucles-gouttes-2-1105x1536.jpg 1105w, https:\/\/enviesauvage.art\/wp-content\/uploads\/2024\/10\/boucles-gouttes-2-1474x2048.jpg 1474w, https:\/\/enviesauvage.art\/wp-content\/uploads\/2024\/10\/boucles-gouttes-2-scaled.jpg 1842w\" sizes=\"(max-width: 737px) 100vw, 737px\" \/><\/figure>\n\n\n\n<figure class=\"wp-block-image size-large\"><img loading=\"lazy\" decoding=\"async\" width=\"768\" height=\"1024\" data-id=\"310\" src=\"https:\/\/enviesauvage.art\/wp-content\/uploads\/2024\/10\/collier-lune-3-768x1024.jpg\" alt=\"\" class=\"wp-image-310\" srcset=\"https:\/\/enviesauvage.art\/wp-content\/uploads\/2024\/10\/collier-lune-3-768x1024.jpg 768w, https:\/\/enviesauvage.art\/wp-content\/uploads\/2024\/10\/collier-lune-3-225x300.jpg 225w, https:\/\/enviesauvage.art\/wp-content\/uploads\/2024\/10\/collier-lune-3-1152x1536.jpg 1152w, https:\/\/enviesauvage.art\/wp-content\/uploads\/2024\/10\/collier-lune-3-1536x2048.jpg 1536w, https:\/\/enviesauvage.art\/wp-content\/uploads\/2024\/10\/collier-lune-3-scaled.jpg 1920w\" sizes=\"(max-width: 767px) 89vw, (max-width: 1000px) 54vw, (max-width: 1071px) 543px, 580px\" \/><\/figure>\n\n\n\n<figure class=\"wp-block-image size-large\"><img loading=\"lazy\" decoding=\"async\" width=\"777\" height=\"1024\" data-id=\"301\" src=\"https:\/\/enviesauvage.art\/wp-content\/uploads\/2024\/10\/boucles-toupies-777x1024.jpg\" alt=\"\" class=\"wp-image-301\" srcset=\"https:\/\/enviesauvage.art\/wp-content\/uploads\/2024\/10\/boucles-toupies-777x1024.jpg 777w, https:\/\/enviesauvage.art\/wp-content\/uploads\/2024\/10\/boucles-toupies-228x300.jpg 228w, https:\/\/enviesauvage.art\/wp-content\/uploads\/2024\/10\/boucles-toupies-768x1012.jpg 768w, https:\/\/enviesauvage.art\/wp-content\/uploads\/2024\/10\/boucles-toupies-1166x1536.jpg 1166w, https:\/\/enviesauvage.art\/wp-content\/uploads\/2024\/10\/boucles-toupies-1555x2048.jpg 1555w, https:\/\/enviesauvage.art\/wp-content\/uploads\/2024\/10\/boucles-toupies-scaled.jpg 1944w\" sizes=\"(max-width: 767px) 89vw, (max-width: 1000px) 54vw, (max-width: 1071px) 543px, 580px\" \/><\/figure>\n\n\n\n<figure class=\"wp-block-image size-full\"><img loading=\"lazy\" decoding=\"async\" width=\"504\" height=\"675\" data-id=\"238\" src=\"https:\/\/enviesauvage.art\/wp-content\/uploads\/2024\/03\/Capture-de\u0301cran-2024-03-20-a\u0300-23.21.50.png\" alt=\"\" class=\"wp-image-238\" srcset=\"https:\/\/enviesauvage.art\/wp-content\/uploads\/2024\/03\/Capture-de\u0301cran-2024-03-20-a\u0300-23.21.50.png 504w, https:\/\/enviesauvage.art\/wp-content\/uploads\/2024\/03\/Capture-de\u0301cran-2024-03-20-a\u0300-23.21.50-224x300.png 224w\" sizes=\"(max-width: 504px) 100vw, 504px\" \/><\/figure>\n\n\n\n<figure class=\"wp-block-image size-large\"><img loading=\"lazy\" decoding=\"async\" width=\"509\" height=\"672\" data-id=\"236\" src=\"https:\/\/enviesauvage.art\/wp-content\/uploads\/2024\/03\/Capture-de\u0301cran-2024-03-20-a\u0300-23.21.19.png\" alt=\"\" class=\"wp-image-236\" srcset=\"https:\/\/enviesauvage.art\/wp-content\/uploads\/2024\/03\/Capture-de\u0301cran-2024-03-20-a\u0300-23.21.19.png 509w, https:\/\/enviesauvage.art\/wp-content\/uploads\/2024\/03\/Capture-de\u0301cran-2024-03-20-a\u0300-23.21.19-227x300.png 227w\" sizes=\"(max-width: 509px) 100vw, 509px\" \/><\/figure>\n\n\n\n<figure class=\"wp-block-image size-full\"><img loading=\"lazy\" decoding=\"async\" width=\"508\" height=\"677\" data-id=\"237\" src=\"https:\/\/enviesauvage.art\/wp-content\/uploads\/2024\/03\/Capture-de\u0301cran-2024-03-20-a\u0300-23.21.36.png\" alt=\"\" class=\"wp-image-237\" srcset=\"https:\/\/enviesauvage.art\/wp-content\/uploads\/2024\/03\/Capture-de\u0301cran-2024-03-20-a\u0300-23.21.36.png 508w, https:\/\/enviesauvage.art\/wp-content\/uploads\/2024\/03\/Capture-de\u0301cran-2024-03-20-a\u0300-23.21.36-225x300.png 225w\" sizes=\"(max-width: 508px) 100vw, 508px\" \/><\/figure>\n\n\n\n<figure class=\"wp-block-image size-large\"><img loading=\"lazy\" decoding=\"async\" width=\"640\" height=\"1024\" data-id=\"300\" src=\"https:\/\/enviesauvage.art\/wp-content\/uploads\/2024\/10\/boucles-flammes-2-640x1024.jpg\" alt=\"\" class=\"wp-image-300\" srcset=\"https:\/\/enviesauvage.art\/wp-content\/uploads\/2024\/10\/boucles-flammes-2-640x1024.jpg 640w, https:\/\/enviesauvage.art\/wp-content\/uploads\/2024\/10\/boucles-flammes-2-187x300.jpg 187w, https:\/\/enviesauvage.art\/wp-content\/uploads\/2024\/10\/boucles-flammes-2-768x1229.jpg 768w, https:\/\/enviesauvage.art\/wp-content\/uploads\/2024\/10\/boucles-flammes-2-960x1536.jpg 960w, https:\/\/enviesauvage.art\/wp-content\/uploads\/2024\/10\/boucles-flammes-2-1280x2048.jpg 1280w, https:\/\/enviesauvage.art\/wp-content\/uploads\/2024\/10\/boucles-flammes-2-scaled.jpg 1600w\" sizes=\"(max-width: 640px) 100vw, 640px\" \/><\/figure>\n\n\n\n<figure class=\"wp-block-image size-large\"><img loading=\"lazy\" decoding=\"async\" width=\"763\" height=\"1024\" data-id=\"315\" src=\"https:\/\/enviesauvage.art\/wp-content\/uploads\/2024\/10\/collier-lune-2-763x1024.jpg\" alt=\"\" class=\"wp-image-315\" srcset=\"https:\/\/enviesauvage.art\/wp-content\/uploads\/2024\/10\/collier-lune-2-763x1024.jpg 763w, https:\/\/enviesauvage.art\/wp-content\/uploads\/2024\/10\/collier-lune-2-224x300.jpg 224w, https:\/\/enviesauvage.art\/wp-content\/uploads\/2024\/10\/collier-lune-2-768x1031.jpg 768w, https:\/\/enviesauvage.art\/wp-content\/uploads\/2024\/10\/collier-lune-2-1144x1536.jpg 1144w, https:\/\/enviesauvage.art\/wp-content\/uploads\/2024\/10\/collier-lune-2-1526x2048.jpg 1526w, https:\/\/enviesauvage.art\/wp-content\/uploads\/2024\/10\/collier-lune-2-scaled.jpg 1907w\" sizes=\"(max-width: 706px) 89vw, (max-width: 767px) 82vw, 740px\" \/><\/figure>\n\n\n\n<figure class=\"wp-block-image size-large\"><img loading=\"lazy\" decoding=\"async\" width=\"768\" height=\"1024\" data-id=\"305\" src=\"https:\/\/enviesauvage.art\/wp-content\/uploads\/2024\/10\/IMG_0086-768x1024.jpg\" alt=\"\" class=\"wp-image-305\" srcset=\"https:\/\/enviesauvage.art\/wp-content\/uploads\/2024\/10\/IMG_0086-768x1024.jpg 768w, https:\/\/enviesauvage.art\/wp-content\/uploads\/2024\/10\/IMG_0086-225x300.jpg 225w, https:\/\/enviesauvage.art\/wp-content\/uploads\/2024\/10\/IMG_0086-1152x1536.jpg 1152w, https:\/\/enviesauvage.art\/wp-content\/uploads\/2024\/10\/IMG_0086-1536x2048.jpg 1536w, https:\/\/enviesauvage.art\/wp-content\/uploads\/2024\/10\/IMG_0086-scaled.jpg 1920w\" sizes=\"(max-width: 767px) 89vw, (max-width: 1000px) 54vw, (max-width: 1071px) 543px, 580px\" \/><\/figure>\n<\/figure>\n\n\n\n<p>Des <strong>gravures imprim\u00e9es \u00e0 la main<\/strong> avec des encres \u00e0 base d&#8217;eau, inspir\u00e9es de mes rencontres sauvages&#8230;<\/p>\n\n\n\n<figure class=\"wp-block-gallery has-nested-images columns-default is-cropped wp-block-gallery-4 is-layout-flex wp-block-gallery-is-layout-flex\">\n<figure class=\"wp-block-image size-large\"><img loading=\"lazy\" decoding=\"async\" width=\"757\" height=\"1024\" data-id=\"312\" src=\"https:\/\/enviesauvage.art\/wp-content\/uploads\/2024\/10\/Diapositive1-757x1024.png\" alt=\"\" class=\"wp-image-312\" srcset=\"https:\/\/enviesauvage.art\/wp-content\/uploads\/2024\/10\/Diapositive1-757x1024.png 757w, https:\/\/enviesauvage.art\/wp-content\/uploads\/2024\/10\/Diapositive1-222x300.png 222w, https:\/\/enviesauvage.art\/wp-content\/uploads\/2024\/10\/Diapositive1-768x1038.png 768w, https:\/\/enviesauvage.art\/wp-content\/uploads\/2024\/10\/Diapositive1.png 1130w\" sizes=\"(max-width: 706px) 89vw, (max-width: 767px) 82vw, 740px\" \/><\/figure>\n\n\n\n<figure class=\"wp-block-image size-large\"><img loading=\"lazy\" decoding=\"async\" width=\"757\" height=\"1024\" data-id=\"311\" src=\"https:\/\/enviesauvage.art\/wp-content\/uploads\/2024\/10\/Diapositive2-757x1024.png\" alt=\"\" class=\"wp-image-311\" srcset=\"https:\/\/enviesauvage.art\/wp-content\/uploads\/2024\/10\/Diapositive2-757x1024.png 757w, https:\/\/enviesauvage.art\/wp-content\/uploads\/2024\/10\/Diapositive2-222x300.png 222w, https:\/\/enviesauvage.art\/wp-content\/uploads\/2024\/10\/Diapositive2-768x1038.png 768w, https:\/\/enviesauvage.art\/wp-content\/uploads\/2024\/10\/Diapositive2.png 1130w\" sizes=\"(max-width: 706px) 89vw, (max-width: 767px) 82vw, 740px\" \/><\/figure>\n\n\n\n<figure class=\"wp-block-image size-large\"><img loading=\"lazy\" decoding=\"async\" width=\"757\" height=\"1024\" data-id=\"313\" src=\"https:\/\/enviesauvage.art\/wp-content\/uploads\/2024\/10\/Diapositive3-757x1024.png\" alt=\"\" class=\"wp-image-313\" srcset=\"https:\/\/enviesauvage.art\/wp-content\/uploads\/2024\/10\/Diapositive3-757x1024.png 757w, https:\/\/enviesauvage.art\/wp-content\/uploads\/2024\/10\/Diapositive3-222x300.png 222w, https:\/\/enviesauvage.art\/wp-content\/uploads\/2024\/10\/Diapositive3-768x1038.png 768w, https:\/\/enviesauvage.art\/wp-content\/uploads\/2024\/10\/Diapositive3.png 1130w\" sizes=\"(max-width: 706px) 89vw, (max-width: 767px) 82vw, 740px\" \/><\/figure>\n<\/figure>\n","protected":false},"excerpt":{"rendered":"<p>Un peau \u00e0 peau avec la mati\u00e8re et le vivant&#8230; La danse et l\u2019amour du mouvement accompagnent mes gestes pour manier la mati\u00e8re que ce soit le gr\u00e8s, la porcelaine, la laine\u2026 Le geste intuitif, l\u2019\u00e9coute des \u00e9l\u00e9ments.La recherche de douceur et de message porteur de sens: la justice sociale, le respect de l\u2019environnement, le &hellip; <\/p>\n<p class=\"link-more\"><a href=\"https:\/\/enviesauvage.art\/?page_id=36\" class=\"more-link\">Continue reading<span class=\"screen-reader-text\"> &#8220;Cr\u00e9ations&#8221;<\/span><\/a><\/p>\n","protected":false},"author":1,"featured_media":177,"parent":0,"menu_order":0,"comment_status":"closed","ping_status":"closed","template":"","meta":{"footnotes":""},"class_list":["post-36","page","type-page","status-publish","has-post-thumbnail","hentry"],"_links":{"self":[{"href":"https:\/\/enviesauvage.art\/index.php?rest_route=\/wp\/v2\/pages\/36"}],"collection":[{"href":"https:\/\/enviesauvage.art\/index.php?rest_route=\/wp\/v2\/pages"}],"about":[{"href":"https:\/\/enviesauvage.art\/index.php?rest_route=\/wp\/v2\/types\/page"}],"author":[{"embeddable":true,"href":"https:\/\/enviesauvage.art\/index.php?rest_route=\/wp\/v2\/users\/1"}],"replies":[{"embeddable":true,"href":"https:\/\/enviesauvage.art\/index.php?rest_route=%2Fwp%2Fv2%2Fcomments&post=36"}],"version-history":[{"count":14,"href":"https:\/\/enviesauvage.art\/index.php?rest_route=\/wp\/v2\/pages\/36\/revisions"}],"predecessor-version":[{"id":328,"href":"https:\/\/enviesauvage.art\/index.php?rest_route=\/wp\/v2\/pages\/36\/revisions\/328"}],"wp:featuredmedia":[{"embeddable":true,"href":"https:\/\/enviesauvage.art\/index.php?rest_route=\/wp\/v2\/media\/177"}],"wp:attachment":[{"href":"https:\/\/enviesauvage.art\/index.php?rest_route=%2Fwp%2Fv2%2Fmedia&parent=36"}],"curies":[{"name":"wp","href":"https:\/\/api.w.org\/{rel}","templated":true}]}}